Calculate the remainder when 164486 is divided by 709.
707
What is the remainder when 20695 is divided by 6890?
25
What is the remainder when 16687 is divided by 10?
7
What is the remainder when 181488 is divided by 810?
48
Calculate the remainder when 5543457 is divided by 69.
66
What is the remainder when 14403 is divided by 13?
12
Calculate the remainder when 2030307 is divided by 51.
48
What is the remainder when 3452 is divided by 152?
108
Calculate the remainder when 1572017 is divided by 27.
23
What is the remainder when 2760 is divided by 145?
5
What is the remainder when 6182 is divided by 515?
2
Calculate the remainder when 23379 is divided by 520.
499
What is the remainder when 795288 is divided by 367?
366
Calculate the remainder when 5293 is divided by 625.
293
Calculate the remainder when 378570 is divided by 63091.
24
What is the remainder when 68168 is divided by 13632?
8
Calculate the remainder when 26615 is divided by 109.
19
What is the remainder when 148351 is divided by 38?
37
What is the remainder when 2516639 is divided by 25?
14
What is the remainder when 1048478 is divided by 707?
704
Calculate the remainder when 39935 is divided by 235.
220
Calculate the remainder when 17912 is divided by 101.
35
What is the remainder when 5247 is divided by 1282?
119
What is the remainder when 8770 is divided by 86?
84
What is the remainder when 46359 is divided by 161?
152
What is the remainder when 3372 is divided by 562?
0
Calculate the remainder when 2994 is divided by 1480.
34
What is the remainder when 399920 is divided by 84?
80
What is the remainder when 43510 is divided by 10869?
34
Calculate the remainder when 19574 is divided by 4881.
50
What is the remainder when 13874 is divided by 1978?
28
Calculate the remainder when 1213 is divided by 619.
594
What is the remainder when 2746 is divided by 157?
77
What is the remainder when 299140 is divided by 105?
100
What is the remainder when 8907 is divided by 741?
15
Calculate the remainder when 100896 is divided by 44.
4
Calculate the remainder when 2572 is divided by 22.
20
Calculate the remainder when 230 is divided by 36.
14
Calculate the remainder when 219473 is divided by 43.
1
What is the remainder when 1755 is divided by 786?
183
Calculate the remainder when 3621 is divided by 3612.
9
Calculate the remainder when 34891 is divided by 600.
91
What is the remainder when 98400 is divided by 24585?
60
Calculate the remainder when 21637 is divided by 5395.
57
Calculate the remainder when 84733 is divided by 1265.
1243
Calculate the remainder when 2420 is divided by 7.
5
Calculate the remainder when 21425 is divided by 104.
1
What is the remainder when 576015 is divided by 74?
73
What is the remainder when 1830894 is divided by 43?
40
Calculate the remainder when 2875 is divided by 80.
75
Calculate the remainder when 109858 is divided by 12204.
22
Calculate the remainder when 8610 is divided by 2826.
132
What is the remainder when 300734 is divided by 22?
16
Calculate the remainder when 614649 is divided by 12.
9
Calculate the remainder when 18550 is divided by 13.
12
Calculate the remainder when 89496 is divided by 34.
8
What is the remainder when 344531 is divided by 3132?
11
Calculate the remainder when 1402567 is divided by 94.
87
Calculate the remainder when 310 is divided by 175.
135
What is the remainder when 9377817 is divided by 265?
262
What is the remainder when 21995 is divided by 47?
46
What is the remainder when 2727 is divided by 452?
15
Calculate the remainder when 2676022 is divided by 54.
52
What is the remainder when 149736 is divided by 37?
34
What is the remainder when 791721 is divided by 263901?
18
Calculate the remainder when 189973 is divided by 52.
17
Calculate the remainder when 2881677 is divided by 59.
58
What is the remainder when 314898 is divided by 322?
304
Calculate the remainder when 8026 is divided by 2671.
13
Calculate the remainder when 16305 is divided by 654.
609
Calculate the remainder when 1099 is divided by 210.
49
What is the remainder when 4293 is divided by 228?
189
Calculate the remainder when 72449 is divided by 414.
413
Calculate the remainder when 55604 is divided by 262.
60
What is the remainder when 153988 is divided by 30?
28
What is the remainder when 129680 is divided by 843?
701
What is the remainder when 114380 is divided by 57151?
78
What is the remainder when 1283 is divided by 559?
165
What is the remainder when 7392 is divided by 492?
12
Calculate the remainder when 13990 is divided by 112.
102
Calculate the remainder when 103234 is divided by 1043.
1020
Calculate the remainder when 25787 is divided by 12719.
349
What is the remainder when 22034 is divided by 401?
380
Calculate the remainder when 9423 is divided by 78.
63
What is the remainder when 11296 is divided by 1880?
16
Calculate the remainder when 24368 is divided by 460.
448
Calculate the remainder when 2261142 is divided by 229.
225
Calculate the remainder when 6612 is divided by 439.
27
Calculate the remainder when 4796 is divided by 7.
1
What is the remainder when 9115 is divided by 1139?
3
Calculate the remainder when 80198 is divided by 203.
13
Calculate the remainder when 75530 is divided by 80.
10
Calculate the remainder when 15730 is divided by 73.
35
What is the remainder when 6298 is divided by 3124?
50
Calculate the remainder when 11251 is divided by 103.
24
Calculate the remainder when 10981 is divided by 34.
33
Calculate the remainder when 515530 is divided by 18.
10
What is the remainder when 4677 is divided by 180?
177
What is the remainder when 51901 is divided by 76?
69
What is the remainder when 23253 is divided by 306?
303
What is the remainder when 622579 is divided by 139?
137
What is the remainder when 14214 is divided by 2840?
14
What is the remainder when 10254 is divided by 114?
108
What is the remainder when 14335 is divided by 5987?
2361
What is the remainder when 1517 is divided by 591?
335
Calculate the remainder when 19722 is divided by 459.
444
Calculate the remainder when 228513 is divided by 952.
33
What is the remainder when 1543 is divided by 447?
202
Calculate the remainder when 68623 is divided by 36.
7
What is the remainder when 17006 is divided by 135?
131
What is the remainder when 898 is divided by 97?
25
What is the remainder when 3172 is divided by 312?
52
Calculate the remainder when 895 is divided by 4.
3
What is the remainder when 299 is divided by 164?
135
Calculate the remainder when 15128 is divided by 281.
235
What is the remainder when 180539 is divided by 20?
19
Calculate the remainder when 202632 is divided by 27.
24
Calculate the remainder when 42238 is divided by 240.
238
What is the remainder when 26549 is divided by 44?
17
Calculate the remainder when 121020 is divided by 225.
195
Calculate the remainder when 6955 is divided by 210.
25
Calculate the remainder when 627 is divided by 56.
11
Calculate the remainder when 755792 is divided by 314.
308
Calculate the remainder when 2880 is divided by 223.
204
Calculate the remainder when 15413 is divided by 253.
233
Calculate the remainder when 80997 is divided by 717.
693
Calculate the remainder when 255111 is divided by 277.
271
Calculate the remainder when 148466 is divided by 374.
362
Calculate the remainder when 2719 is divided by 1340.
39
What is the remainder when 12097 is divided by 5?
2
What is the remainder when 477323 is divided by 17?
14
Calculate the remainder when 3721 is divided by 138.
133
Calculate the remainder when 11854 is divided by 3651.
901
What is the remainder when 15568 is divided by 46?
20
What is the remainder when 104789 is divided by 52?
9
What is the remainder when 202052 is divided by 328?
4
Calculate the remainder when 57535 is divided by 57530.
5
Calculate the remainder when 10733 is divided by 616.
261
What is the remainder when 4646 is divided by 1503?
137
What is the remainder when 117375 is divided by 29340?
15
Calculate the remainder when 24779 is divided by 2252.
7
Calculate the remainder when 9854 is divided by 397.
326
What is the remainder when 2071 is divided by 51?
31
What is the remainder when 121632 is divided by 85?
82
What is the remainder when 23921 is divided by 337?
331
Calculate the remainder when 15684 